{"id":397,"date":"2025-08-03T19:42:13","date_gmt":"2025-08-03T17:42:13","guid":{"rendered":"https:\/\/www.martensby.se\/shop\/?post_type=product&#038;p=397"},"modified":"2025-08-15T09:17:04","modified_gmt":"2025-08-15T07:17:04","slug":"liten-skal-med-love-kelpie-motiv","status":"publish","type":"product","link":"https:\/\/www.martensby.se\/shop\/index.php\/product\/liten-skal-med-love-kelpie-motiv\/","title":{"rendered":"Liten sk\u00e5l med Love Kelpie motiv"},"content":{"rendered":"<p>Liten Sk\u00e5l 15cm i diameter 6 cm h\u00f6g<\/p>\n<p>Bra som vatten eller matsk\u00e5l till dina djur<\/p>\n<p>Dessa har kelpie motiv, f\u00e4rger som finns nu se nedan.<\/p>\n<p>Fler variationer kommer.<\/p>\n","protected":false},"excerpt":{"rendered":"<p>Liten Sk\u00e5l 15cm i diameter 6 cm h\u00f6g Bra som vatten eller matsk\u00e5l till dina djur Dessa har kelpie motiv, f\u00e4rger som finns nu se nedan. Fler variationer kommer.<\/p>\n","protected":false},"featured_media":395,"comment_status":"open","ping_status":"closed","template":"","meta":{"jetpack_publicize_message":"","jetpack_publicize_feature_enabled":true,"jetpack_social_post_already_shared":true,"jetpack_social_options":{"image_generator_settings":{"template":"highway","default_image_id":0,"font":"","enabled":false},"version":2}},"product_brand":[],"product_cat":[29],"product_tag":[],"class_list":{"0":"post-397","1":"product","2":"type-product","3":"status-publish","4":"has-post-thumbnail","6":"product_cat-australian-kelpie","7":"product_shipping_class-sparbar-hemleverans-1kg","9":"first","10":"instock","11":"taxable","12":"shipping-taxable","13":"purchasable","14":"product-type-variable"},"jetpack_publicize_connections":[],"jetpack_likes_enabled":true,"jetpack_sharing_enabled":true,"_links":{"self":[{"href":"https:\/\/www.martensby.se\/shop\/index.php\/wp-json\/wp\/v2\/product\/397","targetHints":{"allow":["GET"]}}],"collection":[{"href":"https:\/\/www.martensby.se\/shop\/index.php\/wp-json\/wp\/v2\/product"}],"about":[{"href":"https:\/\/www.martensby.se\/shop\/index.php\/wp-json\/wp\/v2\/types\/product"}],"replies":[{"embeddable":true,"href":"https:\/\/www.martensby.se\/shop\/index.php\/wp-json\/wp\/v2\/comments?post=397"}],"wp:featuredmedia":[{"embeddable":true,"href":"https:\/\/www.martensby.se\/shop\/index.php\/wp-json\/wp\/v2\/media\/395"}],"wp:attachment":[{"href":"https:\/\/www.martensby.se\/shop\/index.php\/wp-json\/wp\/v2\/media?parent=397"}],"wp:term":[{"taxonomy":"product_brand","embeddable":true,"href":"https:\/\/www.martensby.se\/shop\/index.php\/wp-json\/wp\/v2\/product_brand?post=397"},{"taxonomy":"product_cat","embeddable":true,"href":"https:\/\/www.martensby.se\/shop\/index.php\/wp-json\/wp\/v2\/product_cat?post=397"},{"taxonomy":"product_tag","embeddable":true,"href":"https:\/\/www.martensby.se\/shop\/index.php\/wp-json\/wp\/v2\/product_tag?post=397"}],"curies":[{"name":"wp","href":"https:\/\/api.w.org\/{rel}","templated":true}]}}